{"id":78,"date":"2021-06-05T16:34:39","date_gmt":"2021-06-05T22:34:39","guid":{"rendered":"http:\/\/tradicionescostarica.ucr.ac.cr\/?page_id=78"},"modified":"2022-01-19T15:18:01","modified_gmt":"2022-01-19T21:18:01","slug":"investigaciones","status":"publish","type":"page","link":"https:\/\/tradicionescostarica.ucr.ac.cr\/index.php\/investigaciones\/","title":{"rendered":"Investigaciones"},"content":{"rendered":"<div class=\"pt-cv-wrapper\"><div class=\"pt-cv-view pt-cv-grid pt-cv-colsys\" id=\"pt-cv-view-62bfd934q5\"><div data-id=\"pt-cv-page-1\" class=\"pt-cv-page\" data-cvc=\"2\"><div class=\"col-md-6 col-sm-6 col-xs-12 pt-cv-content-item pt-cv-1-col\" ><div class='pt-cv-ifield'><a href=\"https:\/\/tradicionescostarica.ucr.ac.cr\/index.php\/2021\/10\/15\/palacio-municipal-de-goicoechea\/\" class=\"_self pt-cv-href-thumbnail pt-cv-thumb-default\" target=\"_self\" ><img loading=\"lazy\" decoding=\"async\" width=\"390\" height=\"200\" src=\"https:\/\/tradicionescostarica.ucr.ac.cr\/wp-content\/uploads\/2021\/10\/MUNI-GOICO-390x200.jpg\" class=\"pt-cv-thumbnail\" alt=\"\" \/><\/a>\n<h3 class=\"pt-cv-title\"><a href=\"https:\/\/tradicionescostarica.ucr.ac.cr\/index.php\/2021\/10\/15\/palacio-municipal-de-goicoechea\/\" class=\"_self\" target=\"_self\" >Palacio Municipal de Goicoechea<\/a><\/h3>\n<div class=\"pt-cv-content\">En 1840, San Jos\u00e9 se divide en 26 cuarteles, cuatro de estos que eran los cuarteles de San Jos\u00e9, San ...<br \/><div class=\"pt-cv-rmwrap\"><a href=\"https:\/\/tradicionescostarica.ucr.ac.cr\/index.php\/2021\/10\/15\/palacio-municipal-de-goicoechea\/\" class=\"_self pt-cv-readmore btn btn-success\" target=\"_self\">Leer M\u00e1s<\/a><\/div><\/div><\/div><\/div>\n<div class=\"col-md-6 col-sm-6 col-xs-12 pt-cv-content-item pt-cv-1-col\" ><div class='pt-cv-ifield'><a href=\"https:\/\/tradicionescostarica.ucr.ac.cr\/index.php\/2021\/10\/15\/la-hora-del-cafe-en-costa-rica-como-ha-sido-su-evolucion\/\" class=\"_self pt-cv-href-thumbnail pt-cv-thumb-default\" target=\"_self\" ><img loading=\"lazy\" decoding=\"async\" width=\"390\" height=\"200\" src=\"https:\/\/tradicionescostarica.ucr.ac.cr\/wp-content\/uploads\/2021\/10\/139501395_4443223855704560_6253410380318789956_n-390x200.jpg\" class=\"pt-cv-thumbnail\" alt=\"\" \/><\/a>\n<h3 class=\"pt-cv-title\"><a href=\"https:\/\/tradicionescostarica.ucr.ac.cr\/index.php\/2021\/10\/15\/la-hora-del-cafe-en-costa-rica-como-ha-sido-su-evolucion\/\" class=\"_self\" target=\"_self\" >La hora del caf\u00e9 en Costa Rica: c\u00f3mo ha sido su evoluci\u00f3n<\/a><\/h3>\n<div class=\"pt-cv-content\">De acuerdo con C\u00e9spedes, Flores, Guevara y \u00dabeda (2017) los h\u00e1bitos alimentarios son la expresi\u00f3n de las creencias y tradiciones ...<br \/><div class=\"pt-cv-rmwrap\"><a href=\"https:\/\/tradicionescostarica.ucr.ac.cr\/index.php\/2021\/10\/15\/la-hora-del-cafe-en-costa-rica-como-ha-sido-su-evolucion\/\" class=\"_self pt-cv-readmore btn btn-success\" target=\"_self\">Leer M\u00e1s<\/a><\/div><\/div><\/div><\/div>\n<div class=\"col-md-6 col-sm-6 col-xs-12 pt-cv-content-item pt-cv-1-col\" ><div class='pt-cv-ifield'><a href=\"https:\/\/tradicionescostarica.ucr.ac.cr\/index.php\/2021\/10\/15\/evolucion-del-transporte-en-costa-rica\/\" class=\"_self pt-cv-href-thumbnail pt-cv-thumb-default\" target=\"_self\" ><img loading=\"lazy\" decoding=\"async\" width=\"390\" height=\"200\" src=\"https:\/\/tradicionescostarica.ucr.ac.cr\/wp-content\/uploads\/2021\/10\/img137-1-1-390x200.jpg\" class=\"pt-cv-thumbnail\" alt=\"\" \/><\/a>\n<h3 class=\"pt-cv-title\"><a href=\"https:\/\/tradicionescostarica.ucr.ac.cr\/index.php\/2021\/10\/15\/evolucion-del-transporte-en-costa-rica\/\" class=\"_self\" target=\"_self\" >Evoluci\u00f3n del transporte en Costa Rica<\/a><\/h3>\n<div class=\"pt-cv-content\">Este art\u00edculo abarca el tema \u201cC\u00f3mo era la vida antes de los medios de transporte que existen hoy en d\u00eda\u201d, ...<br \/><div class=\"pt-cv-rmwrap\"><a href=\"https:\/\/tradicionescostarica.ucr.ac.cr\/index.php\/2021\/10\/15\/evolucion-del-transporte-en-costa-rica\/\" class=\"_self pt-cv-readmore btn btn-success\" target=\"_self\">Leer M\u00e1s<\/a><\/div><\/div><\/div><\/div>\n<div class=\"col-md-6 col-sm-6 col-xs-12 pt-cv-content-item pt-cv-1-col\" ><div class='pt-cv-ifield'><a href=\"https:\/\/tradicionescostarica.ucr.ac.cr\/index.php\/2021\/10\/14\/que-haciamos-antes-de-las-computadoras\/\" class=\"_self pt-cv-href-thumbnail pt-cv-thumb-default\" target=\"_self\" ><img loading=\"lazy\" decoding=\"async\" width=\"390\" height=\"200\" src=\"https:\/\/tradicionescostarica.ucr.ac.cr\/wp-content\/uploads\/2021\/10\/2-2-1-390x200.png\" class=\"pt-cv-thumbnail\" alt=\"\" \/><\/a>\n<h3 class=\"pt-cv-title\"><a href=\"https:\/\/tradicionescostarica.ucr.ac.cr\/index.php\/2021\/10\/14\/que-haciamos-antes-de-las-computadoras\/\" class=\"_self\" target=\"_self\" >Qu\u00e9 hac\u00edamos antes de las computadoras<\/a><\/h3>\n<div class=\"pt-cv-content\">El objetivo de la investigaci\u00f3nest\u00e1 relacionado con conocery mostrar la vida de laspersonas costarricenses sincomputadoras a trav\u00e9s de unestudio comparativo ...<br \/><div class=\"pt-cv-rmwrap\"><a href=\"https:\/\/tradicionescostarica.ucr.ac.cr\/index.php\/2021\/10\/14\/que-haciamos-antes-de-las-computadoras\/\" class=\"_self pt-cv-readmore btn btn-success\" target=\"_self\">Leer M\u00e1s<\/a><\/div><\/div><\/div><\/div>\n<div class=\"col-md-6 col-sm-6 col-xs-12 pt-cv-content-item pt-cv-1-col\" ><div class='pt-cv-ifield'><a href=\"https:\/\/tradicionescostarica.ucr.ac.cr\/index.php\/2021\/10\/14\/utensilios-tradicionales-que-sustituian-a-los-electrodomesticos-actuales\/\" class=\"_self pt-cv-href-thumbnail pt-cv-thumb-default\" target=\"_self\" ><img loading=\"lazy\" decoding=\"async\" width=\"390\" height=\"200\" src=\"https:\/\/tradicionescostarica.ucr.ac.cr\/wp-content\/uploads\/2021\/10\/kisspng-furnace-wood-stoves-clip-art-cooking-ranges-stove-village-transparent-amp-png-clipart-free-d-5c7e9ed4ca0c53.0398748315518020688276-1-390x200.jpg\" class=\"pt-cv-thumbnail\" alt=\"\" \/><\/a>\n<h3 class=\"pt-cv-title\"><a href=\"https:\/\/tradicionescostarica.ucr.ac.cr\/index.php\/2021\/10\/14\/utensilios-tradicionales-que-sustituian-a-los-electrodomesticos-actuales\/\" class=\"_self\" target=\"_self\" >Utensilios tradicionales que sustitu\u00edan a los electrodom\u00e9sticos actuales<\/a><\/h3>\n<div class=\"pt-cv-content\">Hoy en d\u00eda se cuenta con un sinf\u00edn de herramientas que permiten agilizar la preparaci\u00f3n de los alimentos en la ...<br \/><div class=\"pt-cv-rmwrap\"><a href=\"https:\/\/tradicionescostarica.ucr.ac.cr\/index.php\/2021\/10\/14\/utensilios-tradicionales-que-sustituian-a-los-electrodomesticos-actuales\/\" class=\"_self pt-cv-readmore btn btn-success\" target=\"_self\">Leer M\u00e1s<\/a><\/div><\/div><\/div><\/div>\n<div class=\"col-md-6 col-sm-6 col-xs-12 pt-cv-content-item pt-cv-1-col\" ><div class='pt-cv-ifield'><a href=\"https:\/\/tradicionescostarica.ucr.ac.cr\/index.php\/2021\/10\/12\/historias-de-epocas-sin-agua-en-los-hogares-costarricenses\/\" class=\"_self pt-cv-href-thumbnail pt-cv-thumb-default\" target=\"_self\" ><img loading=\"lazy\" decoding=\"async\" width=\"390\" height=\"200\" src=\"https:\/\/tradicionescostarica.ucr.ac.cr\/wp-content\/uploads\/2021\/10\/maxresdefault-390x200.jpg\" class=\"pt-cv-thumbnail\" alt=\"\" \/><\/a>\n<h3 class=\"pt-cv-title\"><a href=\"https:\/\/tradicionescostarica.ucr.ac.cr\/index.php\/2021\/10\/12\/historias-de-epocas-sin-agua-en-los-hogares-costarricenses\/\" class=\"_self\" target=\"_self\" >Historias de \u00e9pocas sin agua en los hogares costarricenses<\/a><\/h3>\n<div class=\"pt-cv-content\">Hoy en d\u00eda una gran cantidad de la poblaci\u00f3n costarricense tiene acceso a servicios b\u00e1sicos, pero eso es una realidad ...<br \/><div class=\"pt-cv-rmwrap\"><a href=\"https:\/\/tradicionescostarica.ucr.ac.cr\/index.php\/2021\/10\/12\/historias-de-epocas-sin-agua-en-los-hogares-costarricenses\/\" class=\"_self pt-cv-readmore btn btn-success\" target=\"_self\">Leer M\u00e1s<\/a><\/div><\/div><\/div><\/div>\n<div class=\"col-md-6 col-sm-6 col-xs-12 pt-cv-content-item pt-cv-1-col\" ><div class='pt-cv-ifield'><a href=\"https:\/\/tradicionescostarica.ucr.ac.cr\/index.php\/2021\/10\/12\/la-vida-sin-electricidad-relato-de-un-abuelito-herediano\/\" class=\"_self pt-cv-href-thumbnail pt-cv-thumb-default\" target=\"_self\" ><img loading=\"lazy\" decoding=\"async\" width=\"390\" height=\"200\" src=\"https:\/\/tradicionescostarica.ucr.ac.cr\/wp-content\/uploads\/2021\/10\/img62-1024x851-1-390x200.jpg\" class=\"pt-cv-thumbnail\" alt=\"\" \/><\/a>\n<h3 class=\"pt-cv-title\"><a href=\"https:\/\/tradicionescostarica.ucr.ac.cr\/index.php\/2021\/10\/12\/la-vida-sin-electricidad-relato-de-un-abuelito-herediano\/\" class=\"_self\" target=\"_self\" >La vida sin electricidad: Relato de un abuelito herediano<\/a><\/h3>\n<div class=\"pt-cv-content\">Don Carlos Arguedas de 78 a\u00f1os, vecino del distrito de Mercedes en Heredia, cuenta c\u00f3mo era su ni\u00f1ez cuando a\u00fan ...<br \/><div class=\"pt-cv-rmwrap\"><a href=\"https:\/\/tradicionescostarica.ucr.ac.cr\/index.php\/2021\/10\/12\/la-vida-sin-electricidad-relato-de-un-abuelito-herediano\/\" class=\"_self pt-cv-readmore btn btn-success\" target=\"_self\">Leer M\u00e1s<\/a><\/div><\/div><\/div><\/div>\n<div class=\"col-md-6 col-sm-6 col-xs-12 pt-cv-content-item pt-cv-1-col\" ><div class='pt-cv-ifield'><a href=\"https:\/\/tradicionescostarica.ucr.ac.cr\/index.php\/2021\/10\/11\/conservando-los-alimentos-sin-refrigeracion\/\" class=\"_self pt-cv-href-thumbnail pt-cv-thumb-default\" target=\"_self\" ><img loading=\"lazy\" decoding=\"async\" width=\"390\" height=\"200\" src=\"https:\/\/tradicionescostarica.ucr.ac.cr\/wp-content\/uploads\/2021\/10\/portada-comida-015942bd8d13214-390x200.png\" class=\"pt-cv-thumbnail\" alt=\"\" \/><\/a>\n<h3 class=\"pt-cv-title\"><a href=\"https:\/\/tradicionescostarica.ucr.ac.cr\/index.php\/2021\/10\/11\/conservando-los-alimentos-sin-refrigeracion\/\" class=\"_self\" target=\"_self\" >Conservando los alimentos sin refrigeraci\u00f3n<\/a><\/h3>\n<div class=\"pt-cv-content\">Hoy en d\u00eda, es dif\u00edcil imaginarnos la preservaci\u00f3n de los alimentos sin contar con una refrigeradora, sin embargo, en d\u00e9cadas ...<br \/><div class=\"pt-cv-rmwrap\"><a href=\"https:\/\/tradicionescostarica.ucr.ac.cr\/index.php\/2021\/10\/11\/conservando-los-alimentos-sin-refrigeracion\/\" class=\"_self pt-cv-readmore btn btn-success\" target=\"_self\">Leer M\u00e1s<\/a><\/div><\/div><\/div><\/div>\n<div class=\"col-md-6 col-sm-6 col-xs-12 pt-cv-content-item pt-cv-1-col\" ><div class='pt-cv-ifield'><a href=\"https:\/\/tradicionescostarica.ucr.ac.cr\/index.php\/2021\/10\/11\/aqui-se-cocina-con-lena-y-amor-costa-rica-algunas-decadas-atras\/\" class=\"_self pt-cv-href-thumbnail pt-cv-thumb-default\" target=\"_self\" ><img loading=\"lazy\" decoding=\"async\" width=\"390\" height=\"200\" src=\"https:\/\/tradicionescostarica.ucr.ac.cr\/wp-content\/uploads\/2021\/10\/9196c0c9924928d9fcc1d28e8e78da63-390x200.jpg\" class=\"pt-cv-thumbnail\" alt=\"\" \/><\/a>\n<h3 class=\"pt-cv-title\"><a href=\"https:\/\/tradicionescostarica.ucr.ac.cr\/index.php\/2021\/10\/11\/aqui-se-cocina-con-lena-y-amor-costa-rica-algunas-decadas-atras\/\" class=\"_self\" target=\"_self\" >Aqu\u00ed se cocina con le\u00f1a y amor: Costa Rica algunas d\u00e9cadas atr\u00e1s<\/a><\/h3>\n<div class=\"pt-cv-content\">\u201cRecordar es volver a vivir\u201d es lafrase perfecta para describir esosrecuerdos gratos que se vienen ala memoria de las protagonistasde ...<br \/><div class=\"pt-cv-rmwrap\"><a href=\"https:\/\/tradicionescostarica.ucr.ac.cr\/index.php\/2021\/10\/11\/aqui-se-cocina-con-lena-y-amor-costa-rica-algunas-decadas-atras\/\" class=\"_self pt-cv-readmore btn btn-success\" target=\"_self\">Leer M\u00e1s<\/a><\/div><\/div><\/div><\/div><\/div><\/div><\/div>\n","protected":false},"excerpt":{"rendered":"","protected":false},"author":2,"featured_media":0,"parent":0,"menu_order":0,"comment_status":"closed","ping_status":"closed","template":"","meta":{"neve_meta_sidebar":"full-width","neve_meta_container":"","neve_meta_enable_content_width":"on","neve_meta_content_width":100,"neve_meta_title_alignment":"","neve_meta_author_avatar":"","neve_post_elements_order":"","neve_meta_disable_header":"","neve_meta_disable_footer":"","neve_meta_disable_title":"","ngg_post_thumbnail":0,"footnotes":""},"class_list":["post-78","page","type-page","status-publish","hentry"],"_links":{"self":[{"href":"https:\/\/tradicionescostarica.ucr.ac.cr\/index.php\/wp-json\/wp\/v2\/pages\/78","targetHints":{"allow":["GET"]}}],"collection":[{"href":"https:\/\/tradicionescostarica.ucr.ac.cr\/index.php\/wp-json\/wp\/v2\/pages"}],"about":[{"href":"https:\/\/tradicionescostarica.ucr.ac.cr\/index.php\/wp-json\/wp\/v2\/types\/page"}],"author":[{"embeddable":true,"href":"https:\/\/tradicionescostarica.ucr.ac.cr\/index.php\/wp-json\/wp\/v2\/users\/2"}],"replies":[{"embeddable":true,"href":"https:\/\/tradicionescostarica.ucr.ac.cr\/index.php\/wp-json\/wp\/v2\/comments?post=78"}],"version-history":[{"count":4,"href":"https:\/\/tradicionescostarica.ucr.ac.cr\/index.php\/wp-json\/wp\/v2\/pages\/78\/revisions"}],"predecessor-version":[{"id":1390,"href":"https:\/\/tradicionescostarica.ucr.ac.cr\/index.php\/wp-json\/wp\/v2\/pages\/78\/revisions\/1390"}],"wp:attachment":[{"href":"https:\/\/tradicionescostarica.ucr.ac.cr\/index.php\/wp-json\/wp\/v2\/media?parent=78"}],"curies":[{"name":"wp","href":"https:\/\/api.w.org\/{rel}","templated":true}]}}