{"id":1577,"date":"2022-01-24T11:09:56","date_gmt":"2022-01-24T17:09:56","guid":{"rendered":"http:\/\/tradicionescostarica.ucr.ac.cr\/?page_id=1577"},"modified":"2022-01-24T15:37:07","modified_gmt":"2022-01-24T21:37:07","slug":"festival-de-cocina-dotena","status":"publish","type":"page","link":"https:\/\/tradicionescostarica.ucr.ac.cr\/index.php\/festival-de-cocina-dotena\/","title":{"rendered":"Festival de Cocina Dote\u00f1a 2018"},"content":{"rendered":"\n<div class=\"wp-block-image\"><figure class=\"aligncenter is-resized\"><img loading=\"lazy\" decoding=\"async\" src=\"https:\/\/tradicionescostarica.ucr.ac.cr\/wp-content\/uploads\/2022\/01\/image.png\" alt=\"\" class=\"wp-image-1677\" width=\"600\" height=\"424\" srcset=\"https:\/\/tradicionescostarica.ucr.ac.cr\/wp-content\/uploads\/2022\/01\/image.png 800w, https:\/\/tradicionescostarica.ucr.ac.cr\/wp-content\/uploads\/2022\/01\/image-300x212.png 300w, https:\/\/tradicionescostarica.ucr.ac.cr\/wp-content\/uploads\/2022\/01\/image-768x542.png 768w\" sizes=\"auto, (max-width: 600px) 100vw, 600px\" \/><\/figure><\/div>\n\n\n\n<p> [sp_easyaccordion id=&#8221;1581&#8243;] <\/p>\n\n\n\n<h2 class=\"wp-block-heading\"><strong><strong>El recetario<\/strong> <\/strong><\/h2>\n\n\n\n<p>El presente recetario re\u00fane la mayor\u00eda de preparaciones expuestas en el Festival de la Cocina Dote\u00f1a. Abarca la descripci\u00f3n de los ingredientes en t\u00e9rminos de tipos de alimentos y cantidades, se\u00f1al\u00e1ndose que, en algunos casos, se menciona que la cantidad es a gusto de la cocinera o cocinero, puesto que a veces se torna dif\u00edcil para la persona informante cuantificar con exactitud los ingredientes, lo cual es com\u00fan en la cocina hogare\u00f1a, donde se trabaja de manera libre, y con los productos disponibles, y se sazonar con sal o condimentos seg\u00fan el gusto de quien prepara la comida. Igualmente se presenta el procedimiento paso a paso.<br>Es importante se\u00f1alar que, para una mejor comprensi\u00f3n de la preparaci\u00f3n, se hicieron algunos peque\u00f1os ajustes en redacci\u00f3n de la informaci\u00f3n proporcionada por la persona informante.<br>Para complementar el recetario, se realiz\u00f3 un corto an\u00e1lisis sociocultural de la preparaci\u00f3n, y se presenta el valor nutricional de la receta, a partir de los datos brindados sobre las cantidades de ingredientes. Para ello se utiliz\u00f3 el software ValorNut desarrollado por la Escuela de Nutrici\u00f3n de la UCR para el c\u00e1lculo del valor nutricional del alimento, por cantidad total y porci\u00f3n recomendada, cuya informaci\u00f3n se presenta al final m\u00e1s adelante en esta publicaci\u00f3n.<\/p>\n\n\n\n<div class=\"wp-block-columns is-layout-flex wp-container-core-columns-is-layout-9d6595d7 wp-block-columns-is-layout-flex\">\n<div class=\"wp-block-column is-layout-flow wp-block-column-is-layout-flow\">\n<div class=\"wp-block-getwid-banner has-animation-style4 has-text-animation-opacity-bottom\"><a href=\"https:\/\/tradicionescostarica.ucr.ac.cr\/index.php\/festival-cocina-dotena-picadillos\/\" class=\"wp-block-getwid-banner__link\"><div class=\"wp-block-getwid-banner__wrapper\"><img loading=\"lazy\" decoding=\"async\" width=\"550\" height=\"367\" src=\"https:\/\/tradicionescostarica.ucr.ac.cr\/wp-content\/uploads\/2022\/01\/gallo-de-picadillo-de.jpg\" alt=\"\" class=\"wp-block-getwid-banner__image wp-block-getwid-banner__source wp-image-1590\" srcset=\"https:\/\/tradicionescostarica.ucr.ac.cr\/wp-content\/uploads\/2022\/01\/gallo-de-picadillo-de.jpg 550w, https:\/\/tradicionescostarica.ucr.ac.cr\/wp-content\/uploads\/2022\/01\/gallo-de-picadillo-de-300x200.jpg 300w\" sizes=\"auto, (max-width: 550px) 100vw, 550px\" \/><div class=\"wp-block-getwid-banner__caption\" style=\"min-height:80px\"><div class=\"wp-block-getwid-banner__caption-wrapper\"><span class=\"wp-block-getwid-banner__title\">Picadillos<\/span><\/div><\/div><\/div><\/a><\/div>\n\n\n\n<p><\/p>\n\n\n\n<div class=\"wp-block-getwid-banner has-animation-style4 has-text-animation-opacity-bottom\"><a href=\"https:\/\/tradicionescostarica.ucr.ac.cr\/index.php\/festival-de-cocina-dotena-dulces-y-postres-tradicionales\/\" class=\"wp-block-getwid-banner__link\"><div class=\"wp-block-getwid-banner__wrapper\"><img loading=\"lazy\" decoding=\"async\" width=\"1200\" height=\"800\" src=\"https:\/\/tradicionescostarica.ucr.ac.cr\/wp-content\/uploads\/2022\/01\/chiverre-1-1.jpg\" alt=\"\" class=\"wp-block-getwid-banner__image wp-block-getwid-banner__source wp-image-1593\" srcset=\"https:\/\/tradicionescostarica.ucr.ac.cr\/wp-content\/uploads\/2022\/01\/chiverre-1-1.jpg 1200w, https:\/\/tradicionescostarica.ucr.ac.cr\/wp-content\/uploads\/2022\/01\/chiverre-1-1-300x200.jpg 300w, https:\/\/tradicionescostarica.ucr.ac.cr\/wp-content\/uploads\/2022\/01\/chiverre-1-1-1024x683.jpg 1024w, https:\/\/tradicionescostarica.ucr.ac.cr\/wp-content\/uploads\/2022\/01\/chiverre-1-1-768x512.jpg 768w, https:\/\/tradicionescostarica.ucr.ac.cr\/wp-content\/uploads\/2022\/01\/chiverre-1-1-930x620.jpg 930w\" sizes=\"auto, (max-width: 1200px) 100vw, 1200px\" \/><div class=\"wp-block-getwid-banner__caption\" style=\"min-height:80px\"><div class=\"wp-block-getwid-banner__caption-wrapper\"><span class=\"wp-block-getwid-banner__title\">Dulces y postres<\/span><\/div><\/div><\/div><\/a><\/div>\n<\/div>\n\n\n\n<div class=\"wp-block-column is-layout-flow wp-block-column-is-layout-flow\">\n<div class=\"wp-block-getwid-banner has-animation-style4 has-text-animation-opacity-bottom\"><a href=\"https:\/\/tradicionescostarica.ucr.ac.cr\/index.php\/festival-cocina-dotena-sopas\/\" class=\"wp-block-getwid-banner__link\"><div class=\"wp-block-getwid-banner__wrapper\"><img loading=\"lazy\" decoding=\"async\" width=\"806\" height=\"453\" src=\"https:\/\/tradicionescostarica.ucr.ac.cr\/wp-content\/uploads\/2022\/01\/88884e3a-c23b-4639-a728-f55377cbbde2.jpg\" alt=\"\" class=\"wp-block-getwid-banner__image wp-block-getwid-banner__source wp-image-1591\" srcset=\"https:\/\/tradicionescostarica.ucr.ac.cr\/wp-content\/uploads\/2022\/01\/88884e3a-c23b-4639-a728-f55377cbbde2.jpg 806w, https:\/\/tradicionescostarica.ucr.ac.cr\/wp-content\/uploads\/2022\/01\/88884e3a-c23b-4639-a728-f55377cbbde2-300x169.jpg 300w, https:\/\/tradicionescostarica.ucr.ac.cr\/wp-content\/uploads\/2022\/01\/88884e3a-c23b-4639-a728-f55377cbbde2-768x432.jpg 768w\" sizes=\"auto, (max-width: 806px) 100vw, 806px\" \/><div class=\"wp-block-getwid-banner__caption\" style=\"min-height:80px\"><div class=\"wp-block-getwid-banner__caption-wrapper\"><span class=\"wp-block-getwid-banner__title\">Sopas<\/span><\/div><\/div><\/div><\/a><\/div>\n\n\n\n<p><\/p>\n\n\n\n<div class=\"wp-block-getwid-banner has-animation-style4 has-text-animation-opacity-bottom\"><a href=\"https:\/\/tradicionescostarica.ucr.ac.cr\/index.php\/festival-de-cocina-dotena-panes-y-reposteria-tradicional\/\" class=\"wp-block-getwid-banner__link\"><div class=\"wp-block-getwid-banner__wrapper\"><img loading=\"lazy\" decoding=\"async\" width=\"924\" height=\"520\" src=\"https:\/\/tradicionescostarica.ucr.ac.cr\/wp-content\/uploads\/2022\/01\/bizcocho-1.jpg\" alt=\"\" class=\"wp-block-getwid-banner__image wp-block-getwid-banner__source wp-image-1594\" srcset=\"https:\/\/tradicionescostarica.ucr.ac.cr\/wp-content\/uploads\/2022\/01\/bizcocho-1.jpg 924w, https:\/\/tradicionescostarica.ucr.ac.cr\/wp-content\/uploads\/2022\/01\/bizcocho-1-300x169.jpg 300w, https:\/\/tradicionescostarica.ucr.ac.cr\/wp-content\/uploads\/2022\/01\/bizcocho-1-768x432.jpg 768w\" sizes=\"auto, (max-width: 924px) 100vw, 924px\" \/><div class=\"wp-block-getwid-banner__caption\" style=\"min-height:80px\"><div class=\"wp-block-getwid-banner__caption-wrapper\"><span class=\"wp-block-getwid-banner__title\">Panes y reposter\u00eda<\/span><\/div><\/div><\/div><\/a><\/div>\n<\/div>\n\n\n\n<div class=\"wp-block-column is-layout-flow wp-block-column-is-layout-flow\">\n<div class=\"wp-block-getwid-banner has-animation-style4 has-text-animation-opacity-bottom\"><a href=\"https:\/\/tradicionescostarica.ucr.ac.cr\/index.php\/festival-de-cocina-dotena-carnes\/\" class=\"wp-block-getwid-banner__link\"><div class=\"wp-block-getwid-banner__wrapper\"><img loading=\"lazy\" decoding=\"async\" width=\"1000\" height=\"667\" src=\"https:\/\/tradicionescostarica.ucr.ac.cr\/wp-content\/uploads\/2022\/01\/chicharron-1-1.jpg\" alt=\"\" class=\"wp-block-getwid-banner__image wp-block-getwid-banner__source wp-image-1592\" srcset=\"https:\/\/tradicionescostarica.ucr.ac.cr\/wp-content\/uploads\/2022\/01\/chicharron-1-1.jpg 1000w, https:\/\/tradicionescostarica.ucr.ac.cr\/wp-content\/uploads\/2022\/01\/chicharron-1-1-300x200.jpg 300w, https:\/\/tradicionescostarica.ucr.ac.cr\/wp-content\/uploads\/2022\/01\/chicharron-1-1-768x512.jpg 768w, https:\/\/tradicionescostarica.ucr.ac.cr\/wp-content\/uploads\/2022\/01\/chicharron-1-1-930x620.jpg 930w\" sizes=\"auto, (max-width: 1000px) 100vw, 1000px\" \/><div class=\"wp-block-getwid-banner__caption\" style=\"min-height:80px\"><div class=\"wp-block-getwid-banner__caption-wrapper\"><span class=\"wp-block-getwid-banner__title\">Carnes<\/span><\/div><\/div><\/div><\/a><\/div>\n\n\n\n<p><\/p>\n\n\n\n<div class=\"wp-block-getwid-banner has-animation-style4 has-text-animation-opacity-bottom\"><a href=\"https:\/\/tradicionescostarica.ucr.ac.cr\/index.php\/festival-cocina-dotena-postres-cocina-de-innovacion\/\" class=\"wp-block-getwid-banner__link\"><div class=\"wp-block-getwid-banner__wrapper\"><img loading=\"lazy\" decoding=\"async\" width=\"600\" height=\"604\" src=\"https:\/\/tradicionescostarica.ucr.ac.cr\/wp-content\/uploads\/2022\/01\/arroz-con-leche-y-manzana.jpg\" alt=\"\" class=\"wp-block-getwid-banner__image wp-block-getwid-banner__source wp-image-1597\" srcset=\"https:\/\/tradicionescostarica.ucr.ac.cr\/wp-content\/uploads\/2022\/01\/arroz-con-leche-y-manzana.jpg 600w, https:\/\/tradicionescostarica.ucr.ac.cr\/wp-content\/uploads\/2022\/01\/arroz-con-leche-y-manzana-298x300.jpg 298w\" sizes=\"auto, (max-width: 600px) 100vw, 600px\" \/><div class=\"wp-block-getwid-banner__caption\" style=\"min-height:80px\"><div class=\"wp-block-getwid-banner__caption-wrapper\"><span class=\"wp-block-getwid-banner__title\">Innovaci\u00f3n y postres<\/span><\/div><\/div><\/div><\/a><\/div>\n<\/div>\n<\/div>\n\n\n\n<h2 class=\"wp-block-heading\">C<strong>aracter\u00edsticas nutricionales generales de las preparaciones<\/strong><\/h2>\n\n\n\n<p>Al analizar de forma global los ingredientes y las formas de preparaci\u00f3n propuestas, se evidencia un uso variado de alimentos con prote\u00ednas de alto valor biol\u00f3gico, como son el<br>huevo, las carnes, la leche y los derivados l\u00e1cteos. En el caso de productos vegetales ricos en prote\u00edna como los frijoles u otras leguminosas, en este festival no se hizo presentaci\u00f3n de platillos, aunque es relevante indicar que en la regi\u00f3n s\u00ed se consumen.<br>La mayor\u00eda de productos presentados contienen un relativo bajo aporte de grasas, aunque por su naturaleza, las preparaciones con ciertos tipos de carnes, como pezu\u00f1as y pellejo,<br>presentan mayor contenido de colesterol; asimismo los postres y dulcer\u00eda son productos ricos en az\u00facares, cuya fuente principal es la tapa de dulce o az\u00facar.<br>Se evidencia el amplio uso de productos naturales para exaltar sabor, tales como cebolla, chile dulce, ajo, apio y culantro, lo cual contribuye a que las preparaciones sean m\u00e1s bajas<br>en sodio dado el menor o nulo uso de productos artificiales fuentes de sodio. Las sopas y picadillos son una rica fuente de fibra, igualmente aquellos postres elaborados con productos fibrosos, como el chiverre. <\/p>\n\n\n\n<p>En el siguiente cuadro se presenta la informaci\u00f3n de cada preparaci\u00f3n seg\u00fan el peso total y la porci\u00f3n establecida, indic\u00e1ndose el aporte en energ\u00eda (kilocalor\u00edas), gramos de prote\u00edna,<br>grasa total y colesterol, carbohidratos totales y fibra:<\/p>\n\n\n\n<div class=\"wp-block-getwid-image-box has-text-center has-mobile-layout-default has-mobile-alignment-default\"><div class=\"wp-block-getwid-image-box__image-container is-position-top\"><div class=\"wp-block-getwid-image-box__image-wrapper\"><img loading=\"lazy\" decoding=\"async\" width=\"789\" height=\"765\" src=\"https:\/\/tradicionescostarica.ucr.ac.cr\/wp-content\/uploads\/2022\/01\/photo5150097136220744126.png\" alt=\"\" class=\"wp-block-getwid-image-box__image wp-image-1674\" srcset=\"https:\/\/tradicionescostarica.ucr.ac.cr\/wp-content\/uploads\/2022\/01\/photo5150097136220744126.png 789w, https:\/\/tradicionescostarica.ucr.ac.cr\/wp-content\/uploads\/2022\/01\/photo5150097136220744126-300x291.png 300w, https:\/\/tradicionescostarica.ucr.ac.cr\/wp-content\/uploads\/2022\/01\/photo5150097136220744126-768x745.png 768w\" sizes=\"auto, (max-width: 789px) 100vw, 789px\" \/><\/div><\/div><div class=\"wp-block-getwid-image-box__content\">\n<h3 class=\"wp-block-heading\"><\/h3>\n\n\n\n<p><\/p>\n<\/div><\/div>\n\n\n\n<div class=\"wp-block-getwid-image-box has-text-center has-mobile-layout-default has-mobile-alignment-default\"><div class=\"wp-block-getwid-image-box__image-container is-position-top\"><div class=\"wp-block-getwid-image-box__image-wrapper\"><img loading=\"lazy\" decoding=\"async\" width=\"813\" height=\"470\" src=\"https:\/\/tradicionescostarica.ucr.ac.cr\/wp-content\/uploads\/2022\/01\/photo5150097136220744127.png\" alt=\"\" class=\"wp-block-getwid-image-box__image wp-image-1675\" srcset=\"https:\/\/tradicionescostarica.ucr.ac.cr\/wp-content\/uploads\/2022\/01\/photo5150097136220744127.png 813w, https:\/\/tradicionescostarica.ucr.ac.cr\/wp-content\/uploads\/2022\/01\/photo5150097136220744127-300x173.png 300w, https:\/\/tradicionescostarica.ucr.ac.cr\/wp-content\/uploads\/2022\/01\/photo5150097136220744127-768x444.png 768w\" sizes=\"auto, (max-width: 813px) 100vw, 813px\" \/><\/div><\/div><div class=\"wp-block-getwid-image-box__content\">\n<h3 class=\"wp-block-heading\"><\/h3>\n\n\n\n<p><\/p>\n<\/div><\/div>\n\n\n\n<p>Pod\u00e9s descargar el recetario completo ac\u00e1:<\/p>\n\n\n\n<div data-wp-interactive=\"core\/file\" class=\"wp-block-file\"><object data-wp-bind--hidden=\"!state.hasPdfPreview\" hidden class=\"wp-block-file__embed\" data=\"https:\/\/tradicionescostarica.ucr.ac.cr\/wp-content\/uploads\/2022\/01\/Recetario-Festival-Cocina-Dotena.pdf\" type=\"application\/pdf\" style=\"width:100%;height:351px\" aria-label=\"Incrustado de Incrustado de Recetario-Festival-Cocina-Dotena..\"><\/object><a href=\"https:\/\/tradicionescostarica.ucr.ac.cr\/wp-content\/uploads\/2022\/01\/Recetario-Festival-Cocina-Dotena.pdf\">Recetario-Festival-Cocina-Dotena<\/a><a href=\"https:\/\/tradicionescostarica.ucr.ac.cr\/wp-content\/uploads\/2022\/01\/Recetario-Festival-Cocina-Dotena.pdf\" class=\"wp-block-file__button\" download>Descargar<\/a><\/div>\n","protected":false},"excerpt":{"rendered":"<p>[sp_easyaccordion id=&#8221;1581&#8243;] El recetario El presente recetario re\u00fane la mayor\u00eda de preparaciones expuestas en el Festival de la Cocina Dote\u00f1a. Abarca la descripci\u00f3n de los ingredientes en t\u00e9rminos de tipos de alimentos y cantidades, se\u00f1al\u00e1ndose que, en algunos casos, se menciona que la cantidad es a gusto de la cocinera o cocinero, puesto que a&hellip;&nbsp;<a href=\"https:\/\/tradicionescostarica.ucr.ac.cr\/index.php\/festival-de-cocina-dotena\/\" rel=\"bookmark\">Read More &raquo;<span class=\"screen-reader-text\">Festival de Cocina Dote\u00f1a 2018<\/span><\/a><\/p>\n","protected":false},"author":4,"featured_media":1576,"parent":0,"menu_order":0,"comment_status":"closed","ping_status":"closed","template":"","meta":{"neve_meta_sidebar":"full-width","neve_meta_container":"","neve_meta_enable_content_width":"on","neve_meta_content_width":100,"neve_meta_title_alignment":"","neve_meta_author_avatar":"","neve_post_elements_order":"","neve_meta_disable_header":"","neve_meta_disable_footer":"","neve_meta_disable_title":"","ngg_post_thumbnail":0,"footnotes":""},"class_list":["post-1577","page","type-page","status-publish","has-post-thumbnail","hentry"],"_links":{"self":[{"href":"https:\/\/tradicionescostarica.ucr.ac.cr\/index.php\/wp-json\/wp\/v2\/pages\/1577","targetHints":{"allow":["GET"]}}],"collection":[{"href":"https:\/\/tradicionescostarica.ucr.ac.cr\/index.php\/wp-json\/wp\/v2\/pages"}],"about":[{"href":"https:\/\/tradicionescostarica.ucr.ac.cr\/index.php\/wp-json\/wp\/v2\/types\/page"}],"author":[{"embeddable":true,"href":"https:\/\/tradicionescostarica.ucr.ac.cr\/index.php\/wp-json\/wp\/v2\/users\/4"}],"replies":[{"embeddable":true,"href":"https:\/\/tradicionescostarica.ucr.ac.cr\/index.php\/wp-json\/wp\/v2\/comments?post=1577"}],"version-history":[{"count":14,"href":"https:\/\/tradicionescostarica.ucr.ac.cr\/index.php\/wp-json\/wp\/v2\/pages\/1577\/revisions"}],"predecessor-version":[{"id":3161,"href":"https:\/\/tradicionescostarica.ucr.ac.cr\/index.php\/wp-json\/wp\/v2\/pages\/1577\/revisions\/3161"}],"wp:featuredmedia":[{"embeddable":true,"href":"https:\/\/tradicionescostarica.ucr.ac.cr\/index.php\/wp-json\/wp\/v2\/media\/1576"}],"wp:attachment":[{"href":"https:\/\/tradicionescostarica.ucr.ac.cr\/index.php\/wp-json\/wp\/v2\/media?parent=1577"}],"curies":[{"name":"wp","href":"https:\/\/api.w.org\/{rel}","templated":true}]}}